 4*p**2 - 6*p - 11. What is x(-2)?
-7
Let f(k) = k**3 - 7*k**2 - 3*k + 31. What is f(7)?
10
Let f(a) = -4*a + 34. Calculate f(10).
-6
Let m(a) = 3*a**3 - 2*a**2 - 2*a - 1. Determine m(-1).
-4
Let i(f) = -2*f**3 - 12*f**2 - 5*f + 6. What is i(-6)?
36
Let g(c) = c**2 - 3*c - 121. Calculate g(12).
-13
Let l(a) = 2*a**2 + 20*a + 66. What is l(-5)?
16
Let i(r) = -r**3 + 20*r**2 + 64*r + 107. Calculate i(23).
-8
Let p(u) = -u**2 - 11*u - 7. Determine p(-5).
23
Let h(g) = g**2 + 2*g + 12. Give h(0).
12
Let k(w) = -w**3 - 6*w**2 + w - 6. Calculate k(-5).
-36
Let c(a) = 11*a - 66. What is c(6)?
0
Let c(q) = q**2 + 13*q + 28. Determine c(-12).
16
Let x(m) = -2*m - 2. Calculate x(-4).
6
Let k(l) = -2*l**3 + 2*l**2 - l - 2. Determine k(-1).
3
Let b(v) = 2*v**3 - 3*v**2 - 4*v - 1. Determine b(3).
14
Let p(m) = 3*m**2 - 5*m - 8. Give p(4).
20
Let n(u) = 2*u + 5. Calculate n(-7).
-9
Let v(h) = 3*h**3 + h**2 - h - 3. Calculate v(-3).
-72
Let s(w) = w**2 + 7*w - 4. Give s(-8).
4
Let w(a) = a**3 - 9*a**2 - 50*a - 27. What is w(13)?
-1
Let v(p) = -2*p**3 + 3*p**2 + 7*p - 9. Calculate v(4).
-61
Let q(o) = o**2 - 14*o - 128. Give q(-6).
-8
Let p(l) = -16*l - 72. Determine p(-7).
40
Let n(z) = 4*z**2 + 3*z. What is n(-2)?
10
Let c(r) = r**3 + 2*r**2 + 2*r + 7. Determine c(-2).
3
Let q(t) = -t**2 - 2*t - 25. Calculate q(0).
-25
Let m(s) = -3*s**3 + 7*s**2 - 3*s - 4. What is m(2)?
-6
Let j(q) = -q**3 - 30*q**2 + 65*q + 37. Give j(-32).
5
Let j(x) = x + 3. What is j(-1)?
2
Let f(m) = m + 10. What is f(8)?
18
Let p(h) = h**3 + 9*h**2 + 10*h + 11. Give p(-8).
-5
Let f(j) = 7*j - 1. Calculate f(1).
6
Let u(c) = c**2 + 10*c + 21. Calculate u(-4).
-3
Let t(p) = -p**3 - 2*p**2 - 10*p - 4. Give t(0).
-4
Let g(q) = -q**2 + 7*q - 3. What is g(6)?
3
Let w(k) = 4*k**2 - 28*k - 28. Determine w(-1).
4
Let l(w) = -w**2 - 10*w - 10. Determine l(-10).
-10
Let z(c) = -9*c + 130. Calculate z(16).
-14
Let j(v) = -3*v + 5. Determine j(-3).
14
Let h(s) = -10*s - 8. Give h(6).
-68
Let v(y) = y**3. Calculate v(0).
0
Let h(n) = n**3 + 19*n**2 + 48*n - 1. Determine h(-16).
-1
Let f(t) = -6*t - 2. What is f(-6)?
34
Let b(q) = -2*q**2 - 46*q + 51. Calculate b(-24).
3
Let l(r) = 21*r - 92. Calculate l(4).
-8
Let t(o) = o**2 + 6*o - 10. What is t(-7)?
-3
Let d(u) = u + 41. Determine d(-26).
15
Let s(t) = 8*t + 41. Determine s(-5).
1
Let f(x) = -2*x**3 - 3*x**2. Determine f(-2).
4
Let a(w) = w**2 + 3*w - 3. Calculate a(6).
51
Let w(n) = -2*n**2 + 20*n + 9. Determine w(10).
9
Let d(x) = 4*x - 8. What is d(9)?
28
Let u(j) = -3*j**2 + 2*j + 1. Determine u(-2).
-15
Let f(y) = 3*y**3 + 8*y**2 + 7*y + 1. Give f(-2).
-5
Let g(r) = -12*r - 226. Determine g(-19).
2
Let c(n) = n**2 - 6*n - 13. Calculate c(7).
-6
Let q(z) = z**3 - 2*z**2 - 2*z - 6. Calculate q(-2).
-18
Let z(o) = -o**3 - 2*o**2 + 3*o - 2. Give z(1).
-2
Let z(p) = 2*p**2 + 6*p - 20. Determine z(-4).
-12
Let l(b) = b**2 - 5*b - 1. Determine l(-4).
35
Let x(b) = 31*b**3 + 6*b**2 + 2*b - 2. Calculate x(-1).
-29
Let s(u) = -u**2 + 8*u - 10. Calculate s(4).
6
Let a(x) = 5*x**2 + 4*x + 2. Calculate a(-2).
14
Let t(x) = 7*x + 51. Determine t(-8).
-5
Let n(z) = z**3 - 13*z**2 + 10*z - 126. What is n(13)?
4
Let s(n) = -39*n + 127. Calculate s(3).
10
Let b(c) = -4*c - 22. Determine b(-6).
2
Let a(k) = 2*k**2 - 15*k - 137. What is a(13)?
6
Let c(r) = r**3 + 13*r**2 - 16*r - 18. Give c(-14).
10
Let g(r) = r**3 - 11*r**2 + 25*r - 11. What is g(8)?
-3
Let q(z) = 5*z - 10. Give q(4).
10
Let i(j) = j**3 - 5*j**2 - 7*j - 3. Determine i(6).
-9
Let c(k) = -k. Determine c(0).
0
Let h(d) = -4*d + 16. Give h(-10).
56
Let q(d) = -d**3 - 8*d**2 - 10*d - 3. What is q(-7)?
18
Let p(u) = -u - 3. Give p(-14).
11
Let s(a) = a - 32. Give s(18).
-14
Let d(o) = 5*o**2 + 6*o - 18. What is d(-5)?
77
Let a(l) = -l**3 + 5*l**2 + l - 6. Determine a(5).
-1
Let b(y) = 5*y + 35. Calculate b(-6).
5
Let y(v) = -2*v**3 - 4*v**2 + 2*v + 4. What is y(-3)?
16
Let q(n) = n + 22. Give q(-10).
12
Let x(v) = 5*v + 18. Give x(-3).
3
Let y(u) = -2*u**2 + 13. Calculate y(-5).
-37
Let g(b) = -7*b**2 + 26*b + 5. Calculate g(4).
-3
Let m(h) = -25*h**2 - 12*h + 12. Determine m(1).
-25
Let s(w) = -22*w**3 - 2*w + 2. Determine s(1).
-22
Let q(u) = u**2 - 10*u - 12. Determine q(10).
-12
Let x(f) = 2*f - 15. What is x(0)?
-15
Let t(d) = -d**2 - 2*d + 129. What is t(-12)?
9
Let q(a) = a**3 - 6*a**2 - 4*a + 4. Give q(4).
-44
Let m(o) = -3*o - 15. Give m(-3).
-6
Let n(g) = -g**3 + 7*g**2 - 7*g + 7. What is n(4)?
27
Let f(q) = q - 3. What is f(-14)?
-17
Let n(q) = -3*q + 3. Determine n(-4).
15
Let w(l) = -l**3 + 4*l**2 - l - 24. Calculate w(6).
-102
Let n(a) = -a**2 + 28*a + 98. Calculate n(31).
5
Let h(l) = -l**2 + 14*l + 401. What is h(-14)?
9
Let g(q) = q**3 - 4*q**2 + q + 2. Calculate g(3).
-4
Let l(w) = w**3 - 5*w**2 - 3*w + 5. Calculate l(4).
-23
Let v(o) = -19*o - 5. Give v(2).
-43
Let g(l) = -147*l - 1329. Calculate g(-9).
-6
Let r(n) = -n**3 + 4*n**2 - n + 4. Calculate r(4).
0
Let i(z) = 10*z**2 + 41*z + 37. Give i(-3).
4
Let b(j) = -6*j**2 - 32*j - 58. Give b(-2).
-18
Let j(k) = -k**2 + 2*k - 4. Give j(-5).
-39
Let w(y) = y**3 + 9*y**2 + 9*y + 3. What is w(-8)?
-5
Let w(u) = u**3 - 13*u**2 - 14*u - 13. Calculate w(14).
-13
Let t(m) = 26*m**3 + m**2 + m + 1. What is t(-1)?
-25
Let q(d) = -d**3 + 4*d**2 - 4*d + 7. Give q(4).
-9
Let y(g) = -g**3 + 11*g**2 - 5*g + 21. Give y(10).
71
Let r(c) = 4*c**3 - c**2 - 2*c - 2. What is r(-1)?
-5
Let s(m) = m**2 + 30*m - 18. Determine s(-29).
-47
Let j(y) = y**3 - 10*y**2 - 3*y + 5. Determine j(10).
-25
Let z(b) = -3*b**3 + 60*b**2 + b - 21. Calculate z(20).
-1
Let w(q) = q**3 + 29*q**2 + 28*q + 61. Calculate w(-28).
61
Let x(b) = 4*b**2 + 4*b. Determine x(-1).
0
Let s(l) = 4*l + 3. What is s(3)?
15
Let o(m) = m**2 - 5. What is o(3)?
4
Let z(d) = 78*d**3 - 2*d**2 + 2*d - 1. Give z(1).
77
Let r(q) = q**2 - 4*q + 13. What is r(3)?
10
Let b(u) = u - 3. Determine b(-10).
-13
Let x(y) = 12*y + 5. What is x(-1)?
-7
Let n(m) = -16*m**3 - m**2 + 1. Give n(1).
-16
Let q(x) = x**2 + 2*x - 123. Calculate q(9).
-24
Let v(d) = -21*d + 2. Determine v(4).
-82
Let f(h) = -2*h**2 - 6. Determine f(3).
-24
Let n(r) = -r - 73. Calculate n(17).
-90
Let t(h) = h**2 + 6*h + 11. Determine t(-3).
2
Let i(r) = r**3 + 8*r**2 + 12*r + 4. Calculate i(-6).
4
Let s(r) = -107*r**2 - 319*r + 1. Determine s(-3).
-5
Let y(t) = 5*t + 25. What is y(-7)?
-10
Let t(h) = -h - 5. Give t(9).
-14
Let z(l) = l**2 - 14*l - 33. What is z(16)?
-1
Let l(m) = 2*m**3 - m**2 + 6*m - 4. Give l(1).
3
Let f(s) = 14*s + 12. What is f(-4)?
-44
Let w(o) = 9*o - 19. What is w(3)?
8
Let b(a) = -10*a**2 + 2*a + 3. Determine b(-2).
-41
Let o(v) = -v - 5. What is o(-10)?
5
Let l(j) = -j**2 - 5. What is l(4)?
-21
Let p(r) = r**2 - 8*r + 11. Calculate p(5).
-4
Let f(g) = -22*g + 27. Calculate f(5).
-83
Let h(l) = -l**2 - 5*l + 1. Calculate h(1).
-5
Let j(k) = 23*k - 439. What is j(19)?
-2
Let f(k) = -k**3 - 26*k**2 + 56*k - 32. Calculate f(-28).
-32
Let g(n) = n**2 + 6*n - 129. What is g(9)?
6
Let o(g) = -2*g**3 - 23*g**2 + 40*g + 5. Determine o(-13).
-8
Let g(i) = 2*i - 41. Determine g(27).
13
Let t(u) = -u**3 + 13*u**2 + 16*u + 1. Give t(14).
29
Let t(h) = 14*h - 2. Determine t(-2).
-30
Let v(u) = 2*u**2 - 7*u + 4. Give v(4).
8
Let g(a) = a**3 - 7*a**2 - 8*a - 1. Calculate g(8).
-1
Let m(g) = 2*g**2 + 2*g - 9. Calculate m(-2).
-5
Let s(m) = m + 29. What is s(-21)?
8
Let l(v) = 2*v - 87. Determine l(0).
-87
Let d(n) = n**3 - n**2 - n - 5. Calculate d(0).
-5
Let b(m) = m + 2. Determine b(-8).
-6
Let d(f) = -f**3 - 10*f**2 - 10*f - 13. Give d(-9).
-4
Let k(y) = 5*y + 1. What is k(-1)?
-4
Let q(g) = -66*g + 538. Give q(8).
10
Let y(o) = o**3 - o**2 - 12*o - 2. Give y(-3).
-2
Let h(t) = 3*t**2 + 5*t - 3. Determine h(-3).
9
Let x(r) = -7*r + 3. Calculate x(-2).
17
Let z(n) = -4*n**2 - 3*n - 5. What is z(-2)?
-15
Let q(g) = -4*g + 13. Determine q(3).
1
Let d(x) = x**2 + 23*x - 25. Calculate d(-24).
-1
Let n(p) = -p**3 + p**2 - 4. Calculate n(-2).
8
Let w(a) = a**3 - 3*a**2 - 9*a - 5. Give w(-2).
-7
Let o(k) = -4*k + 55. Give o(19).
-21
Let j(i) = -i**2 - 18*i + 22. What is j(-19)?
3
Let j(c) = c**3 - 11*c**2 + 12*c - 7. Calculate j(10).
13
Let s(b) = 3*b**2 - 50*b - 13. Give s(17).
4
Let t(o) = 2*o + 9. Calculate t(-3).
3
L